et m be b(2). Let a = -63 + m. What is the highest common divisor of 84 and a?
28
Let a(q) = -6 + 0 + 5*q + 1 - 3. Let o be a(5). What is the greatest common divisor of 34 and o?
17
Suppose o - 62 = -0*o + 2*c, 0 = o + c - 59. Let w(j) = j - 23. Let d be w(38). What is the highest common factor of o and d?
15
Let h be (-94)/(-2) - (26 + -27). What is the highest common divisor of 39 and h?
3
Let g(t) = 31*t**2 - 7*t - 5. Let r be g(-1). What is the greatest common divisor of 429 and r?
33
Suppose 0 = 18*z - 1325 - 4507. Calculate the greatest common factor of z and 36.
36
Let u(i) = 48 - 2*i + 41 - 61 + i. Let y be u(9). What is the highest common divisor of y and 209?
19
Let w be (-48)/(-21) + (-4)/42*3. Suppose -w*h + 51 = -b, 3*b + 57 = 2*h - 0*h. What is the highest common divisor of 12 and h?
12
Let y(d) = 3*d**3 - 2*d**2 - 3*d + 2. Let t = 99 + -97. Let v be y(t). Calculate the highest common divisor of v and 4.
4
Suppose 108 = 19*k - 82. Calculate the highest common factor of k and 50.
10
Let v(u) = u**3 - 19*u**2 + 11*u - 64. Let h be v(22). What is the highest common divisor of h and 10?
10
Suppose 22*d - 876 - 9420 = 0. Calculate the highest common factor of d and 260.
52
Let v(i) = -2*i**3 + 11*i**2 + 18*i + 13. Let b be v(-9). Calculate the greatest common divisor of b and 88.
88
Suppose 2*u + 5*a + 181 = -u, -4*a - 51 = u. Let z = -35 - u. Calculate the greatest common factor of 96 and z.
32
Let c = 86 - 50. Let s = 44 + c. Suppose 4 = r, 4*v - r - 3*r - 24 = 0. Calculate the greatest common factor of s and v.
10
Let b be (-5 + 4)*(-72)/(0 - -4). Let c be 12/15*585/b. What is the highest common factor of 52 and c?
26
Let n = 413 + -409. Calculate the highest common divisor of n and 356.
4
Let t(a) = a**3 - 9*a**2 + 7*a + 11. Let r be t(8). Let k be (-264)/(-18) + r/9. What is the highest common divisor of k and 60?
15
Let a = 58 + -30. Let g(f) be the second derivative of f**3/2 + 13*f**2/2 + 83*f. Let o be g(-2). Calculate the highest common divisor of a and o.
7
Suppose 7*f - 33 = 149. Let c be (-1 + 4)*(-312)/(-9). What is the greatest common factor of f and c?
26
Let p be ((-12)/16)/(1/(-4)). Suppose -p*l = -0*l. Suppose -g + 0*g + 4 = l. What is the highest common factor of g and 8?
4
Suppose 2 = -z + 6. Let u be (5 - 9)*(-2)/z. Suppose 0 = u*s - s - 34. Calculate the greatest common divisor of s and 51.
17
Let h(y) = 2*y + 1. Suppose 2 = -12*k + 2. Let p be h(k). What is the greatest common factor of p and 11?
1
Let k = 17 + -14. Suppose -u + 3 = -k*c, 0*c - 9 = -3*u + 2*c. What is the highest common factor of u and 6?
3
Let r be -1 - 9/(-6) - (-1383)/6. What is the greatest common divisor of r and 33?
33
Let f(c) = 37*c - 2358. Let y be f(66). Suppose -45 = 4*u - 237. Calculate the highest common divisor of u and y.
12
Let f = 8 - 3. Let y be -1 - -1 - (7 - 12). Let b = y - -20. What is the greatest common divisor of f and b?
5
Let c be 90/(-24)*(0 + (-8)/6). Calculate the greatest common divisor of 25 and c.
5
Suppose 0 = h - 5*t, -84 + 92 = 2*t. Calculate the highest common divisor of 24 and h.
4
Suppose k - 5 - 127 = 0. Calculate the highest common factor of 8 and k.
4
Let w(n) be the second derivative of n**5/20 + 5*n**4/6 + 17*n**3/6 + 2*n**2 + 7*n. Let c be w(-7). What is the greatest common factor of c and 4?
4
Let p be ((-16)/40)/(8/(-2000)). Calculate the greatest common divisor of p and 16.
4
Let n be 1*(-5)/(5/4). Let f be (12/(-16))/(n/48). Let t(m) = -5*m + 10. Let q be t(-7). Calculate the highest common factor of f and q.
9
Let h(p) = 15*p + 14*p - 11*p - 25 - 4*p. Let f be h(10). Suppose 0*o - 92 = -2*o. Calculate the highest common factor of f and o.
23
Let t(l) = 7*l + 557. Let x be t(-74). What is the highest common divisor of 793 and x?
13
Let c = -1482 + 3157. Calculate the greatest common divisor of 134 and c.
67
Suppose 3*k + 16 = 4, 0 = -3*n + 4*k + 121. What is the greatest common divisor of n and 25?
5
Suppose -9 = -g - 4*b + 56, -3*b + 69 = g. Let f = 17 + -8. What is the highest common divisor of g and f?
9
Suppose 5*s + 3*k = -12, s - 4*s + 4 = -k. Suppose s = -6*c + 234 + 228. Calculate the highest common factor of 11 and c.
11
Suppose 0*w = -w + 47. Let x = -23 + w. Let a be (6/(-9))/(22/(-396)). Calculate the greatest common divisor of x and a.
12
Suppose c + 0*c - 163 = -5*j, -j - 3*c + 41 = 0. Let s be (-7 - -1)/((-12)/32). What is the greatest common divisor of j and s?
16
Let g = -12 + 8. Let k be (-1 - g)*(-254)/(-3). Suppose -4*f = -34 - k. What is the highest common factor of f and 8?
8
Suppose -10 = 5*n, s + 14 = -4*n + 6*n. Let t = s - -78. What is the greatest common factor of 12 and t?
12
Let a = -232 - -352. Let d = -100 + a. What is the greatest common divisor of d and 50?
10
Suppose -4*p + m + 8 - 1 = 0, 2*m - 4 = 2*p. Suppose 62 = 5*t - 2*q, -p*t = -q - q - 34. What is the highest common factor of 2 and t?
2
Let p(i) = -i**2 + 6*i + 2. Let g be p(8). Let q be 284/14 - (-4)/g. What is the highest common factor of q and 40?
20
Let v = 326 + -116. Suppose 4*a = 9*a - v. Calculate the greatest common factor of a and 14.
14
Let b = 319 + -159. Let n be (b/56)/((-2)/(-14)). Calculate the greatest common factor of 50 and n.
10
Suppose 5*z = x - 19 + 3, -5*z = -3*x + 88. Let g = x - 21. Calculate the greatest common divisor of 5 and g.
5
Suppose 0 = 6*n - 718 + 88. Calculate the greatest common divisor of n and 15.
15
Let r(l) = 6*l**2 + 15*l + 32. Let k(t) = -5*t**2 - 15*t - 32. Let c(i) = -4*k(i) - 3*r(i). Let m be c(-7). Calculate the greatest common divisor of 25 and m.
25
Let f be 48/9*210/40. What is the greatest common divisor of 32 and f?
4
Let r(m) = 25*m**2 + m - 2. Let a be r(3). Let i(z) = -21*z - 28. Let y be i(-6). Let w = a - y. Calculate the greatest common factor of 16 and w.
16
Suppose -7*m - 253 + 1569 = 0. Calculate the greatest common factor of 235 and m.
47
Suppose -43*l + 27839 = -10990. What is the highest common factor of l and 21?
21
Suppose -4*y = -l - 120, 3*l + 120 = 3*y + 30. Calculate the greatest common divisor of 6 and y.
6
Suppose -32 = -4*f - 4*c, 4*c - 10 - 2 = -2*f. Calculate the highest common factor of f and 2.
2
Let w(x) = x**2 + 63*x + 772. Let v be w(-48). Let q be 14 - (1 + 0)*1. What is the greatest common factor of q and v?
13
Suppose -11*s + 20 = -6*s. Suppose -h - 23 = -2*l + 4*h, 4*l - 52 = s*h. Let j = 6 + l. Calculate the greatest common divisor of j and 140.
20
Let i = -257 + 466. Suppose 3*c + v - 59 = 0, c - 3*v = -c + 32. What is the highest common factor of c and i?
19
Let n be 0 + 4 + 4 + -3. Suppose 0 = -k + 4, -4*r - 304 = n*k - 1104. Let g be ((-2)/3)/((-10)/r). What is the highest common factor of g and 91?
13
Let x = -219 - -603. What is the greatest common divisor of x and 72?
24
Let o = 11 + -17. Let m = 19 + o. What is the greatest common divisor of 26 and m?
13
Suppose -2*h + 155 = -343. Suppose 3*t = 3*a + h, 4*a - 460 = -7*t + 2*t. What is the greatest common divisor of 8 and t?
8
Let v be (-3*(93/9 + -4))/1. Let o(i) = i**2 + 10*i + 4. Let b be o(-7). Let k = b - v. Calculate the greatest common divisor of 5 and k.
1
Let o(j) = 1 + 158*j + 3 - 189*j. Let y be o(-1). Suppose 0 = 2*t - 3 - 25. Calculate the highest common divisor of t and y.
7
Let n(l) = l**2 + 3*l - 7. Let g be n(-5). Suppose 0 = g*f - f - 32. What is the greatest common divisor of f and 4?
4
Let x(l) = -2*l + 33. Suppose -7*g + 14 = -5*g. Let p be x(g). Calculate the highest common factor of 57 and p.
19
Let p be -3 + 1 + (0 - -2). Let f be p + -13*(2 + -3). What is the highest common factor of 143 and f?
13
Let q = -275 + 287. What is the highest common divisor of 12 and q?
12
Let a be 8 - ((16 - 5) + -6). Suppose -5*b = -5*t - 15, -4*t = 2*b - 0*b. Suppose b*v - 3*v = -a. Calculate the highest common factor of 21 and v.
3
Let k = -123 + 203. Let d(j) be the second derivative of -j**4/12 + 4*j**3/3 + 3*j**2/2 - j. Let f be d(7). What is the greatest common divisor of k and f?
10
Let w be ((-5)/15)/((-2)/54). Calculate the greatest common divisor of 27 and w.
9
Suppose 2*y - y = 862. Suppose 0*q + 3*q = -5*x + y, 2*q + 694 = 4*x. Let o = -92 + x. Calculate the highest common divisor of o and 9.
9
Let q(z) = -z - 8. Let d(w) = -6*w - 40. Let t(h) =